{"id":142,"date":"2026-04-26T19:48:59","date_gmt":"2026-04-26T19:48:59","guid":{"rendered":"https:\/\/wjazni.pl\/?page_id=142"},"modified":"2026-04-30T08:41:44","modified_gmt":"2026-04-30T08:41:44","slug":"namaste","status":"publish","type":"page","link":"https:\/\/wjazni.pl\/","title":{"rendered":"Strona powitalna"},"content":{"rendered":"\n<div class=\"wp-block-cover is-light has-custom-content-position is-position-top-center\" style=\"min-height:737px;aspect-ratio:unset;\"><img loading=\"lazy\" decoding=\"async\" width=\"570\" height=\"570\" class=\"wp-block-cover__image-background wp-image-182 size-full\" alt=\"\" src=\"http:\/\/wjazni.pl\/wp-content\/uploads\/2026\/04\/om_watermark_v3.png\" style=\"object-position:49% 74%\" data-object-fit=\"cover\" data-object-position=\"49% 74%\" srcset=\"https:\/\/wjazni.pl\/wp-content\/uploads\/2026\/04\/om_watermark_v3.png 570w, https:\/\/wjazni.pl\/wp-content\/uploads\/2026\/04\/om_watermark_v3-300x300.png 300w, https:\/\/wjazni.pl\/wp-content\/uploads\/2026\/04\/om_watermark_v3-150x150.png 150w\" sizes=\"auto, (max-width: 570px) 100vw, 570px\" \/><span aria-hidden=\"true\" class=\"wp-block-cover__background has-background-dim-0 has-background-dim\" style=\"background-color:#d2b8be\"><\/span><div class=\"wp-block-cover__inner-container is-layout-constrained wp-block-cover-is-layout-constrained\">\n<p class=\"has-text-align-center\">Ani ucho nie s\u0142ysza\u0142o <br>Ani my\u015bl nie obj\u0119\u0142a <br>Ani mi\u0142o\u015b\u0107 nie poczu\u0142a <br>Ani sen nie wy\u015bni\u0142 <br>Ani j\u0119zyk nie wypowiedzia\u0142 <br>I nigdy nie wypowie, czym jest <br>Moja umi\u0142owana muzyka. <br>Ale poza zas\u0142aniaj\u0105cymi wszystko ekranami <br>wyczuwa\u0142em utracon\u0105 i odnalezion\u0105 Umi\u0142owan\u0105 Muzyk\u0119 mojej Duszy <\/p>\n\n\n\n<p class=\"has-text-align-right\">\u015ari Paramahansa Jogananda, ze zbioru &#8222;Szepty wieczno\u015bci&#8221;<\/p>\n\n\n\n<p>Namaste!<\/p>\n\n\n\n<p>Zapraszam do sekcji <a href=\"https:\/\/wjazni.pl\/index.php\/blog\/\" data-type=\"page\" data-id=\"13\"><strong>Blog<\/strong><\/a> gdzie znajduj\u0105 si\u0119 wpisy dotycz\u0105ce kolejnych wers\u00f3w Bhagavad-Gity. Wpisy s\u0105 inspirowane nauczaniem \u015ari Paramahansy Joganandy oraz moim \u017cyciem. Wpisy powstaj\u0105 sukcesywnie. <\/p>\n<\/div><\/div>\n","protected":false},"excerpt":{"rendered":"","protected":false},"author":2,"featured_media":0,"parent":0,"menu_order":0,"comment_status":"closed","ping_status":"closed","template":"","meta":{"site-sidebar-layout":"default","site-content-layout":"","ast-site-content-layout":"default","site-content-style":"default","site-sidebar-style":"default","ast-global-header-display":"","ast-banner-title-visibility":"","ast-main-header-display":"","ast-hfb-above-header-display":"","ast-hfb-below-header-display":"","ast-hfb-mobile-header-display":"","site-post-title":"disabled","ast-breadcrumbs-content":"","ast-featured-img":"","footer-sml-layout":"","ast-disable-related-posts":"","theme-transparent-header-meta":"","adv-header-id-meta":"","stick-header-meta":"","header-above-stick-meta":"","header-main-stick-meta":"","header-below-stick-meta":"","astra-migrate-meta-layouts":"default","ast-page-background-enabled":"default","ast-page-background-meta":{"desktop":{"background-color":"var(--ast-global-color-5)","background-image":"","background-repeat":"repeat","background-position":"center center","background-size":"auto","background-attachment":"scroll","background-type":"","background-media":"","overlay-type":"","overlay-color":"","overlay-opacity":"","overlay-gradient":""},"tablet":{"background-color":"","background-image":"","background-repeat":"repeat","background-position":"center center","background-size":"auto","background-attachment":"scroll","background-type":"","background-media":"","overlay-type":"","overlay-color":"","overlay-opacity":"","overlay-gradient":""},"mobile":{"background-color":"","background-image":"","background-repeat":"repeat","background-position":"center center","background-size":"auto","background-attachment":"scroll","background-type":"","background-media":"","overlay-type":"","overlay-color":"","overlay-opacity":"","overlay-gradient":""}},"ast-content-background-meta":{"desktop":{"background-color":"var(--ast-global-color-4)","background-image":"","background-repeat":"repeat","background-position":"center center","background-size":"auto","background-attachment":"scroll","background-type":"","background-media":"","overlay-type":"","overlay-color":"","overlay-opacity":"","overlay-gradient":""},"tablet":{"background-color":"var(--ast-global-color-4)","background-image":"","background-repeat":"repeat","background-position":"center center","background-size":"auto","background-attachment":"scroll","background-type":"","background-media":"","overlay-type":"","overlay-color":"","overlay-opacity":"","overlay-gradient":""},"mobile":{"background-color":"var(--ast-global-color-4)","background-image":"","background-repeat":"repeat","background-position":"center center","background-size":"auto","background-attachment":"scroll","background-type":"","background-media":"","overlay-type":"","overlay-color":"","overlay-opacity":"","overlay-gradient":""}},"footnotes":""},"class_list":["post-142","page","type-page","status-publish","hentry"],"_links":{"self":[{"href":"https:\/\/wjazni.pl\/index.php\/wp-json\/wp\/v2\/pages\/142","targetHints":{"allow":["GET"]}}],"collection":[{"href":"https:\/\/wjazni.pl\/index.php\/wp-json\/wp\/v2\/pages"}],"about":[{"href":"https:\/\/wjazni.pl\/index.php\/wp-json\/wp\/v2\/types\/page"}],"author":[{"embeddable":true,"href":"https:\/\/wjazni.pl\/index.php\/wp-json\/wp\/v2\/users\/2"}],"replies":[{"embeddable":true,"href":"https:\/\/wjazni.pl\/index.php\/wp-json\/wp\/v2\/comments?post=142"}],"version-history":[{"count":19,"href":"https:\/\/wjazni.pl\/index.php\/wp-json\/wp\/v2\/pages\/142\/revisions"}],"predecessor-version":[{"id":218,"href":"https:\/\/wjazni.pl\/index.php\/wp-json\/wp\/v2\/pages\/142\/revisions\/218"}],"wp:attachment":[{"href":"https:\/\/wjazni.pl\/index.php\/wp-json\/wp\/v2\/media?parent=142"}],"curies":[{"name":"wp","href":"https:\/\/api.w.org\/{rel}","templated":true}]}}